6*f**2 - 78*f. Is u(16) composite?
True
Let i(d) = d**3 + 9*d**2 - 8*d - 6. Suppose -2*u - 5*z + 2 = 0, -3*u - 1 = -2*u + 2*z. Let y be i(u). Suppose -t - 2*t = 3*b - y, 2*b = -4*t + 36. Is b prime?
False
Let l(b) = -5*b - 3 + 64*b**2 - 12 - 49*b**2 - 10. Is l(-7) composite?
True
Suppose -12*k + 33307127 = 81*k + 4369898. Is k a composite number?
False
Suppose 5*y + 1152106 = -15*w + 17*w, -4*w + 2*y = -2304212. Is w a composite number?
True
Suppose 0 = -3*f + 5*f + 6, 0 = 2*b - 5*f - 19. Let j be (-130)/(-35) - b/7*-1. Suppose 5*v + j*y = 9*y + 1700, 5*y = -3*v + 1012. Is v composite?
True
Suppose -8 = -3*h - 2*f, 28*f - 29*f = -h + 6. Suppose -m - 10935 = -5*n + h*m, -3*n + 6541 = m. Is n prime?
False
Let w be (6 - 684/117) + 427/13. Suppose 28*y - w*y - 159 = -3*h, 3*y + 53 = h. Is h a prime number?
True
Suppose 438 = -44*j + 47*j. Suppose 5*f - 10 = 0, -5*f + 683 = c + j. Is c prime?
False
Let x(l) = -14 - 4894*l + 4356*l - 5. Is x(-5) a prime number?
True
Suppose 150*z = 99*z + 7013469. Is z a prime number?
True
Let f be 43460/25 + (-8)/20. Let g be 5 - 2/(3 + -4). Suppose g*m - 523 - f = 0. Is m prime?
False
Suppose 15 = -4*a + 5*w, 0 = 2*w + 7 - 13. Suppose -9*n + 5*n - 3*r + 55442 = a, 5*r = 10. Is n composite?
False
Let p(u) = 346*u**2 + 62*u - 17. Is p(-38) composite?
True
Let g(f) = -89*f**3 - 3*f**2 + f - 11. Let p be g(-4). Suppose -2*y - 2820 = -2*h, -3*y + p = 3*h + h. Is h a composite number?
False
Let k(s) be the second derivative of 6*s**3 - 7*s**2/2 + 9*s - 4. Let q(v) = -v**3 + 4*v**2 + 7*v - 1. Let z be q(5). Is k(z) a prime number?
True
Let c = 68 + -122. Let r = c - -39. Is (-1 - 161/5)/(3/r) a composite number?
True
Let w be (-14)/4*((-3300)/35)/(-15). Is (2/(-3))/(w/5181) composite?
False
Let a(r) = 19*r - 3*r**3 - 7*r - 8*r**2 + 2*r**3 - 15*r + 24. Let v be a(-7). Is ((1779/v)/(-1))/((-15)/(-100)) a prime number?
False
Let t = 97455 - -37322. Is t a composite number?
False
Is (-443)/2215 + 4/10*170058 a prime number?
True
Suppose -8630 = -8*h + 73738. Suppose 0 = -2*g + 10, -s + 0*g = -g - h. Is s a prime number?
True
Let p = -79082 - -366223. Is p composite?
False
Let g(o) = -o**3 + 7*o**2 - 25*o + 98. Let r be g(5). Suppose -r*c + 24*c = k + 3167, 20 = -5*k. Is c a prime number?
True
Suppose 16*q - 24*q = -144. Is 4 + (3/(-9) - (-24432)/q) prime?
True
Let w(l) = 2*l**2 + 8*l - 12. Let m be (-1 - 0)/((2 - 0)/18). Let r be w(m). Suppose -5*b + 337 = -r. Is b a composite number?
False
Suppose 6*t - 10 = 4*t. Suppose 3*d = t*a - 29, -5*d - 31 = -2*a - 2*a. Suppose -a*r - 2*r = -426. Is r prime?
True
Suppose g - 5304703 = -4*y, 25*g - 22*g - 5*y = 15914228. Is g prime?
False
Let c be 12/(-78) - (-2)/(-26)*-69721. Suppose 6*x - c = 26215. Is x composite?
True
Let o = 21685 - 338. Is o composite?
False
Suppose 780 = -454*m + 448*m. Let j = m + 659. Is j prime?
False
Suppose -25 = -5*m - 0*m. Let n be (-7 + m)/(1/(-10)). Is (-246)/(-4)*n/6 a composite number?
True
Is (5 - ((-220)/66)/(15/(-36))) + 8780 a prime number?
False
Let k(t) = -t**3 + 4*t**2 + 4*t + 53. Let v be k(6). Suppose 5*z + v*r - 7690 = 0, r = 4*r + 15. Is z prime?
True
Suppose 4*r + 233522 = 26*f - 24*f, -4*f + 5*r = -467041. Is f a prime number?
False
Let q(i) = -3*i**2 - i - 1. Let f(n) = 110*n**2 - 4*n + 28. Let c(d) = f(d) - 5*q(d). Is c(9) prime?
False
Let f(u) = 0*u**2 - 182*u + 3*u**2 - 29 + 157*u. Is f(17) prime?
False
Let a = 11551 - 22211. Let u = -6483 - a. Is u prime?
True
Let a(v) = 75*v**2 + 45*v - 21. Let i(o) = -38*o**2 - 23*o + 12. Let y(b) = 3*a(b) + 5*i(b). Is y(12) a prime number?
False
Suppose -6618 = 5*j - 8*j. Let i = j + -1028. Suppose -10*g + i = -612. Is g a composite number?
False
Let u(n) = 68*n**2 + 31*n + 194. Is u(-21) composite?
False
Let c = -118 + 32. Let z = c - -91. Suppose z*n - 2587 = 2958. Is n composite?
False
Suppose -d - 5 = -2*d. Suppose 3*g + 2*u = 990, 5*u + 660 = 2*g + 9*u. Suppose 805 = d*l - 5*q, -5*l - q = -g - 457. Is l composite?
True
Suppose -7*k + 1718326 = 27*k. Is k a composite number?
False
Let a = 28 + -24. Suppose 2*x - 25 = -5*r, -r - 5*x + 8 = -a*x. Suppose 429 = 6*o - r*o. Is o prime?
False
Is -51 + 46 + (-3)/(2 + (-1812428)/906208) composite?
False
Suppose -10*z = -9*z - 4*k + 6, 3*z = 5*k + 3. Suppose z = -2*o + 3*o. Is o prime?
False
Suppose 8*s = 187227 + 297053. Is s composite?
True
Let f(v) = -486*v**3 + 34*v**2 + 149*v - 32. Let i be f(-5). Let g(m) = -3*m - 9. Let l be g(-7). Suppose 5*n + i = l*n. Is n a composite number?
False
Suppose -3*j = -70*q + 73*q - 615339, 5*q + 410226 = 2*j. Is j prime?
False
Let v be 4 + 48/(-6) - (-16248)/3. Suppose 4*o + v = 16*o. Is o a composite number?
True
Let u(h) = -2*h. Let v be u(-5). Suppose 12*c + 8 = v*c. Is (-2 - (-2)/c)*3768/(-20) a prime number?
False
Let f(x) = 4984*x - 431. Is f(90) a prime number?
False
Suppose 3*g - 4*h + 410 = 118, 4*h + 208 = -2*g. Is (-33306)/(-5) + 1 - 80/g a prime number?
False
Is ((0 - 3)*-4442)/(-2 - -4) a prime number?
False
Let m(r) = 16856*r**2 + 69*r + 72. Is m(-1) prime?
False
Suppose 15525887 = 137*a - 26940962. Is a a prime number?
True
Suppose 3*k - 2*o - 1 - 4 = 0, 0 = 5*k - 5*o - 10. Is 13424/6 + k/(-3) a prime number?
True
Suppose -2*v - 8 = 56. Let j = 36 + v. Let d(f) = f**3 + 4*f**2 + 5. Is d(j) composite?
True
Is ((-1)/12)/(3/9)*-768596 prime?
True
Let l be (3 - -3967)*15/(-5). Is (-240)/45 + (-2)/(-6) - l a composite number?
True
Let i = -38827 - -79086. Is i a prime number?
False
Suppose -16*k - 387244 = -3*h - 11*k, -3*h + 387239 = -4*k. Is h prime?
False
Let o be 72/(-792) - 276/(-11). Suppose 82*j = o*j + 441921. Is j a prime number?
True
Let o be (-2 + 7)*(-18)/(-15). Suppose -4*i + 3*a = -6 - o, -15 = -5*i - 5*a. Suppose -3*z + 236 = i*u - u, 2*u - z - 236 = 0. Is u composite?
True
Suppose 32*j - 20544 = 28*j. Suppose -13*d - j = -d. Let l = 909 - d. Is l prime?
False
Let d(i) = -7810*i + 59. Is d(-6) prime?
True
Suppose -919*g + 924*g + y - 1205135 = 0, y = 4*g - 964108. Is g composite?
False
Let t(n) = 8*n**2 - 2*n - 2. Let a be t(-7). Let c = a + -119. Let v = c - -256. Is v a composite number?
False
Is (3 + (-12)/6)*(1 - -72954) a prime number?
False
Is (-3 - 8303)/(-1*6/21) composite?
True
Suppose 15*w + 1035478 - 2485123 = 0. Is w prime?
True
Suppose 3*t - 19 = -133. Let n = 6105 - t. Is n a composite number?
False
Suppose -2*s = -9*u + 8*u - 26, 3*s = 6. Is (-86889)/u + 15/(-6) - 4 a prime number?
True
Suppose -82*m - 1 = -81*m. Is (-2 - (m + -7222)) + -40 + 36 a composite number?
True
Is (-6)/(78/13)*-25945 a prime number?
False
Is (-1983280)/(-30) + 3 - 2/(-3) prime?
False
Is (-174)/(-20 - -49)*2623198/(-12) a prime number?
True
Suppose 0 = 9*f + 142 + 146. Let g be (-8)/f + ((-232102)/(-8) - -2). Suppose -27*w + 34*w - g = 0. Is w composite?
True
Suppose 12*l - 2*l + 13860 = 0. Let a = l - -2465. Is a a composite number?
True
Suppose -m - 4*m - o + 31345 = 0, o = 5*m - 31345. Suppose v + 5 = 2*v, -4*r - 5*v + m = 0. Is r a prime number?
False
Suppose 2*r - 2*v + 129581 = 663965, 6*r + v = 1603145. Is r a prime number?
False
Let i(x) = 8141*x - 5155. Is i(6) composite?
False
Let k = -51905 + 106920. Is k a prime number?
False
Let l(j) = -j + 1. Let k(c) = 8*c - 3. Let u(g) = k(g) + 2*l(g). Let t be u(-1). Let h(a) = -27*a - 11. Is h(t) a composite number?
True
Let q(j) = 10*j - 33. Let s be q(4). Let d(c) = -23*c - 4. Let l be d(-2). Is (s/(l/2308))/(2/15) a composite number?
True
Is (2/20 + ((-468)/(-20) - 22))*104446 a prime number?
False
Let l(r) = 135*r**2 + 39*r + 805. Is l(-32) prime?
False
Suppose 6*o = -330 + 3024. Let u = o - 375. Is u a composite number?
True
Let i be ((-540)/(-105))/((-2)/14). Let t be 4*(-5)/((-80)/i). Is 4/6 + (-30)/t - -51 a prime number?
False
Let m be 28/140 - 14/(-5). Suppose m*o + z - 629 = 0, -824 = -4*o - z - 4*z. Is o prime?
True
Suppose a + 23*j - 1 = 25*j, -17 = a + 4*j. Is (-2)/100*a - (-149389)/10 a prime number?
True
Suppose -1021012 = -5*j - 5*t + 524518, 3*t - 618205 = -2*j. Is j a composite number?
True
Let s(z) = -9305*z - 18. Let m(y) = -y**3 - 22*y**2 - 39*y + 19. Let k be m(-20). Is s(k) a prime number?
False
Let v(f) = -f. Let i(s) = -45*s + 15. Let d(u) = -i(u) + 5*v(u). Let w(y) = -y**3 - 7*y**2 - 25*y - 110. Let l be w(-6). Is d(